. Let j(r) = r**2 - 4 - 3*r + r**3 + 4. Give j(o).
-9
Let g = -431 + 426. Let h(o) = -o**3 - 4*o**2 + 7*o + 1. Calculate h(g).
-9
Let k(r) = -r**2 + 2*r + 1. Suppose -8 = -7*g + 6. Suppose 12 = -g*f + 4*n, -2*f - n + 0*n = 2. What is k(f)?
-7
Let o(w) be the third derivative of -7*w**4/24 - w**3/6 - 51*w**2. Suppose 0 = -2*f - 8, 0*j - 4*j + 4 = f. What is o(j)?
-15
Let y(k) = 5*k**3 - 5*k**2 + 7*k - 8. Let i(h) = -9*h**3 + 11*h**2 - 13*h + 17. Let v(l) = -4*i(l) - 7*y(l). What is v(9)?
15
Let y(v) = v + 5. Let k be y(-5). Let c(x) = 5 + x + 37*x**2 + 45*x**2 - 83*x**2. What is c(k)?
5
Let s(n) = -n**2 + 6*n + 2. Let m(j) = j**2 + 19*j + 31. Let x be m(-17). Let y be -10 - -4 - x - -9. Determine s(y).
2
Let f(l) = l**3 + l**2 + l + 3. Let n = 20 + -9. Let m = n - 17. Let g be m/30 + 2/10. Give f(g).
3
Let z(y) = y**3 + 17*y**2 - 16*y + 40. Let a be z(-18). Suppose j - 2*r + a = 15, -j + 17 = -5*r. Let u(f) = -3*f + 1. What is u(j)?
-20
Let r(j) = -3*j - 16. Let k(g) be the third derivative of g**4/12 + 7*g**3/3 - 40*g**2. Let n(d) = -4*k(d) - 3*r(d). Give n(0).
-8
Let w(q) = q**3 + q**2 - 1. Let i be (4 - -1)/1 + -4. Let y(x) = -5*x**3 - 6*x**2 - 4*x + 1. Let z(s) = i*y(s) + 4*w(s). Calculate z(-2).
5
Let i be (24/72)/(1/(-15) + 0). Let m(g) be the second derivative of 5/6*g**3 + 0 + 1/12*g**4 - 2*g + 5/2*g**2. Determine m(i).
5
Let l(n) = -3*n**2 + 2*n**2 - n**2 + n**2. Let w(x) = x**3 + x**2 - 2*x. Let y be w(-2). What is l(y)?
0
Let n(b) be the second derivative of b**3/2 + b**2/2 - 69*b - 2. Calculate n(9).
28
Let p(x) = x**3 - x + 2. Let f be p(0). Let k(v) be the third derivative of v**4/12 - v**3/6 + 5*v**2. Calculate k(f).
3
Let b(a) = 5*a**2 - a - 1. Let l(g) = g**3 + g**2 - 5. Let w be l(0). Let u(f) = -2*f - 11. Let y be u(w). Calculate b(y).
5
Suppose -4*t + 6*t = -2*w + 6, 3*w - 5 = -t. Let m(z) be the first derivative of w + 3/2*z**2 - 2*z. Calculate m(-4).
-14
Let n be -2*(54/4)/3. Let m = -17 + 28. Let p(t) = -8*t + 4 + t + 8*t + m. Give p(n).
6
Let q(z) be the second derivative of z**5/20 + z**4/4 - z**3/2 + z**2/2 - 3*z + 4. Give q(-4).
-3
Let s(u) = -u + 71 - 139 + 57. Calculate s(0).
-11
Let o(k) be the third derivative of 6*k**2 + 0*k + 0 + 1/24*k**4 - 1/6*k**3. Determine o(0).
-1
Suppose 10 - 31 = 3*q - 3*p, 4*q + 13 = p. Let o(r) = -2 - r**2 - r**2 - 3*r**2. What is o(q)?
-22
Suppose 39*r = 301 + 50. Let k(d) = d**3 - 9*d**2 - d + 11. What is k(r)?
2
Let x(c) = 7 - 5*c + 2*c - 4*c + 3 - 3. What is x(2)?
-7
Let q(k) = 8*k. Let r(i) = -49*i - 2. Let j(w) = 5*q(w) + r(w). Give j(2).
-20
Let q(r) = 14*r - 172. Let l be q(12). Let u(v) = v**2 + 7*v + 10. Determine u(l).
-2
Let v(d) = 4*d**3 + 4*d**2 - 10*d + 12. Let u(b) = 5*b**3 + 4*b**2 - 12*b + 13. Let f(i) = -5*u(i) + 6*v(i). What is f(5)?
-18
Let k(t) be the second derivative of 5*t**3/3 + 7*t**2/2 - t. Suppose -17 + 19 = -u. Let c(p) = -3*p - 2. Let m(s) = u*k(s) - 7*c(s). What is m(-4)?
-4
Let x(r) be the second derivative of r**4/6 + r**2/2 + 164*r. What is x(2)?
9
Let n(m) = 3*m**2 - 10*m + 27. Let a(f) = f**2 - 3*f + 13. Let o(p) = 5*a(p) - 2*n(p). Determine o(6).
5
Let c = 705 + -698. Let t(m) be the first derivative of -m**2/2 + 13*m + 3. Give t(c).
6
Let q be 2/(-2 + 1 + 5 + -3). Let i(d) = -d**2 + 3*d - 3*d + 0*d - q. Calculate i(2).
-6
Let f be (-1)/(3 + 4 + 45/(-6)). Let t(k) = -32*k**2 + 28*k**f + 3*k + k + k**3 - 1. What is t(3)?
2
Let a(i) be the third derivative of i**5/60 - i**3/3 - 15*i**2. Let y(w) = -14*w + 1. Let p be y(1). Let v = -15 - p. Determine a(v).
2
Let f(t) be the third derivative of -t**6/120 + t**5/30 - t**4/8 + 29*t**2. Suppose -i - 9 = -11. What is f(i)?
-6
Suppose -3*p + 4 = b, -18 + 6 = 2*p - 3*b. Let y(a) = a**2 + a - 17. Determine y(p).
-17
Let s be (-4)/1*(-7 - (-385)/56). Let g(k) be the third derivative of -s*k**3 + 0 + 1/4*k**4 - 5*k**2 + 0*k - 1/12*k**5 + 1/120*k**6. Calculate g(4).
5
Let l(t) = -3*t - 34. Suppose 9 = -2*d - 13. Let c be l(d). Let z(m) = 5*m**3 - m**2 + 1. Determine z(c).
-5
Let j(m) = -m + 126 - 40 - 42 - 38. Give j(16).
-10
Suppose 2*n = 4*b - 14, -2*n - b = 7 + 2. Let a(y) = 4*y + 14. Determine a(n).
-6
Suppose -9 = 3*h - 24. Let w = 8 - h. Let i(d) = -6 - 5*d**3 + 3*d**3 + d**w + 4 + 2*d + 3*d**2. Give i(4).
-10
Let v(j) = -j**3 + 10*j**2 - 22*j + 37. Let k be v(8). Let d(t) = -3*t - 31. Calculate d(k).
2
Let l = 5 + -8. Let o be 12/(-8)*(-4)/l. Let f be (-1)/o + (-10)/4. Let p(w) = 4*w**2 + w - 1. Calculate p(f).
13
Let u(f) = -2 - 2 - 3 - 4*f - f**2 + 11. Let i(l) = 4*l + 12. Let j be i(-4). Determine u(j).
4
Let c(p) be the first derivative of p**3/3 - 2*p**2 - p - 2. Let j(n) = -n**3 + n + 37. Let s be j(0). Let a = -34 + s. Give c(a).
-4
Let h(z) = 3*z + 9. Let x(d) = 3*d + 4. Let o(f) = -4*h(f) + 9*x(f). Calculate o(-1).
-15
Let b(h) = h**2 + 3*h + 1. Suppose 9*n - 30 = 14*n - 4*s, -5*n - 2*s = 0. Give b(n).
-1
Let g(a) = 14*a - 29. Let y(n) = -2*n. Let i(h) = g(h) + 6*y(h). Give i(14).
-1
Let k(t) = -t**2 - 2*t + 9. Let g = -2 - -13. Let l(j) = -j + 3. Let d(u) = g*l(u) - 4*k(u). Give d(-2).
19
Let u(j) = 9*j**2 - 10*j + 1. Let q(y) = 4*y**2 - 5*y + 1. Let g(z) = 5*q(z) - 2*u(z). Determine g(2).
1
Let a(r) = -r - 9. Suppose 0 = 3*i + 5 - 20. Suppose u = -u + 2*k + 40, -i*k = u - 2. Let b be (-104)/u + 24/204. Give a(b).
-3
Let k(c) = 2*c**2 + 8*c + 6 - 3*c**2 - 2*c + 2. Calculate k(7).
1
Let v be (1 + 10/4)*2. Let f = -242 + 243. Let c(i) = f + 0 + v*i + 8*i. What is c(-1)?
-14
Let s(n) be the second derivative of n**2 + 0 - 1/6*n**3 - 4*n. Let d be (10/(-3))/((-6)/(-9)). Calculate s(d).
7
Let b(m) be the first derivative of -m**2/2 - 2*m - 5. Let u = 300 - 294. Give b(u).
-8
Let o(m) be the first derivative of 2*m**2 - 40*m + 118. Calculate o(8).
-8
Let n(l) be the third derivative of 0 - 1/4*l**4 + 1/60*l**5 + 0*l + 0*l**3 - 4*l**2. Determine n(3).
-9
Let i(k) = 16*k**2 + 27*k - 2. Let o(r) = -7*r**2 - 13*r + 1. Let w(j) = -3*i(j) - 7*o(j). What is w(-10)?
-1
Let h(i) = -i**3 - i**2 + i - 3. Suppose 0 = 3*t + t + 3*o - 19, 3 = 2*t - 5*o. Suppose -t*z + 2*z = 0. Calculate h(z).
-3
Suppose 0 = 38*g - 44*g + 18. Let c(y) = -8*y + 3. Give c(g).
-21
Let h(x) = -5*x - 4. Suppose -4*v - 109 = -2*u - 21, u - 3*v - 44 = 0. Let w = u - 47. What is h(w)?
11
Let u(j) be the third derivative of 2/3*j**3 + 0 + 0*j + 1/24*j**4 - 21*j**2. What is u(-3)?
1
Suppose -31*b = -26 - 5. Let z(n) = -3*n + 3. Determine z(b).
0
Let b(s) = s**2 + 2*s - 4. Let r(z) = 2*z**2 + 4*z - 8. Let j(m) = 11*b(m) - 6*r(m). Let l be (-4 - (-40)/15)*3. Calculate j(l).
-4
Let d(x) = 189*x + 2. Let s(h) = 152*h + 1. Let b(a) = 4*d(a) - 5*s(a). Suppose n = -0*n + 3. Suppose o - 2*o + n = 0. Determine b(o).
-9
Let u(d) = -11*d + 37 - 75 + 31. Let o(g) = -11*g - 6. Let y(i) = 6*o(i) - 5*u(i). Determine y(-2).
21
Let i(v) = -v**2 - 4*v + 3. Let s be (5/(-2))/5 - 8/16. Let f be -1 - (0 - s - -2). What is i(f)?
3
Let y(b) = -2*b**2 - b. Let r(t) = -t**3 - 6*t**2 + 17*t + 14. Let c(h) = r(h) + 2*y(h). Calculate c(-11).
-30
Let a(d) be the first derivative of -28*d**2 - d - 600. What is a(1)?
-57
Let i(u) = u**2 - u + 2*u + 4600 - 4605. Calculate i(-4).
7
Suppose 15 = 8*n - 17. Let j(u) = -4*u - 1. Let z(g) = -3*g - 1. Let s(y) = n*j(y) - 5*z(y). Calculate s(2).
-1
Suppose m = -2*k + 2*m + 2, 4*k - 4*m = -4. Let g be (-2)/(k + 21/(-6)). Let l(v) = -1 + 7*v**2 - 2*v**2 - 1 - g*v**2. What is l(2)?
2
Let a(t) be the first derivative of -t**4 - 2*t**3/3 - t + 2. Suppose -4*k = 4*j - 2*j - 4, -2*j + 12 = 0. Give a(k).
23
Let k(c) be the third derivative of c**5/60 - c**4/4 - 5*c**3/3 - 19*c**2. Calculate k(8).
6
Let d(g) = -g - 1. Let f be (-1)/((2/(-12))/((-3)/(-9))). Suppose 2*z + 4 - f = 0. Determine d(z).
0
Let y(o) = 6*o**2 + o. Let b(d) = -d**2 - 8*d - 2. Let w be b(-8). Let n be (-10)/4*w/5. Calculate y(n).
7
Let b be 1 + -1 - (10/(-9) + (-44)/(-396)). Let l(p) be the second derivative of -p**4/6 + p**3/3 - p**2/2 + p. Determine l(b).
-1
Let n(l) be the first derivative of 2*l**2 - l - 256. What is n(3)?
11
Suppose k - 5*f + 13 = 0, 9 = -8*k + 5*k + 5*f. Let j(a) be the second derivative of -1/3*a**3 + 0 - 5/2*a**k + 5*a. Determine j(4).
-13
Let m(n) = 70*n - 1. Let b(q) = -4*q. Let t(s) = -5*b(s) - m(s). What is t(1)?
-49
Let w(b) = 2*b - 1